 11)) - (-7 - 0))?
67
What is (-5 + 8 - (-3 + -69)) + -13?
62
Evaluate 22 + -17 - -3 - -17 - -15.
40
Evaluate -35 + (0 - -20) + 40 - -22.
47
What is -12 - (-123 - (17 + 4 + 5 + (-9 - 11)))?
117
-23 - -39 - (13 + -45 + 4)
44
Evaluate (69 - 13) + 18 + 11 - -28.
113
Evaluate -52 - (-20 - (125 - 44)).
49
What is -22 - 66 - -73 - -49?
34
What is the value of 2861 - 2880 - (-94 + 0)?
75
Evaluate (0 - (18 + -5 + -21 + (2 - -13))) + 12.
5
What is the value of -21618 + 21629 + (-6 + 0 + (2 - 3) - -1)?
5
Calculate 81 - 1 - (-1793 + 1943).
-70
-48 + 53 + (3 - (3 - (-5 - -6))) - 12
-6
Evaluate 1 - 7 - ((-11 - 1) + 246 + -216 - 3).
-21
-41 - (12 - 26) - (16 + (-3 - 3))
-37
-2 + -27 - (3203 - 3199)
-33
What is (-168 - -195) + (-19 - (-9 + -1))?
18
Calculate 2 - (0 - 15 - (145 - 153)).
9
What is the value of -366 + 360 + (-1 - 32)?
-39
Calculate 34 - (94 + -94 + (1 - 11) + 13).
31
Calculate (-2 - (-32 + 21)) + (-6 - (-4 + -35)).
42
Calculate -1 - -123 - (4264 + -4183).
41
Evaluate 132 + (-156 - -65) + -78.
-37
What is (13 - (29 - (-6 + 10))) + 8?
-4
-13 - (-22 + -2 + -9 + (25 - 15))
10
(-19 + 11 + 0 - (-117 - -1)) + 66 + -79
95
Calculate 1 - 23 - (-228 - -195).
11
Evaluate (-5 - (-7 - -3)) + (70 - 86).
-17
What is 146 - (175 + -106) - 36?
41
What is 21 + 7 + 3 + 24 + -17?
38
What is the value of 7 + -3 + -43 + 160 + -161?
-40
What is -36 - (-36 + 35) - (-7 + 2)?
-30
Calculate -242 + 279 + -1 + -43 + -29.
-36
What is the value of (-46 + 3 - 3) + (-25 - -60 - 42)?
-53
What is the value of -75 - (13 - (-2 + -9 - (2 - -1 - 17)))?
-85
Evaluate 51 - 41 - (0 + -1 - 11).
22
Evaluate 0 - 0 - (-3 - -22) - (4497 - 4491).
-25
What is the value of (12 - -1) + 1 + -21 + (32 - (-3 - 1))?
29
Evaluate -21 + 10 + (-4 - -8 - 7) + 1.
-13
What is the value of 35 - (-19 + (-3 - -35) - 18)?
40
What is the value of (20 - (61 - 35) - (4 + -2)) + 17?
9
What is the value of 14 + -89 + -57 + 68?
-64
Calculate -38 + (2 - 3) + (1 - 0) - (13907 - 13907).
-38
What is the value of (31 - 86) + 67 + -54?
-42
What is (-36 - -34 - 24) + -13 + 97?
58
What is 17 - (3 + 8 + -4) - -9?
19
0 - ((-1 - 19) + (93 - 75))
2
(-16 + -2 + 23 - 25) + -29
-49
Evaluate 0 + -6 - (34 + 125 + -205).
40
(-2240 - -2235) + ((-2 - 1) + 0 - -7)
-1
What is the value of 70 + -47 + 9 + -38?
-6
Evaluate 0 - (0 - 6) - (11 - (33 + -55)).
-27
What is 1 + -52 + -1 - (-270 + 273)?
-55
What is -17195 + 17205 - (-11 - -1 - 1)?
21
11 + -7 + -1 + 23 + -16 + -3 + 19
26
Evaluate (12 - -94 - 25) + 6 + (1 + -11 - 1).
76
Calculate (-492 - -518) + -86 + 1 + 23.
-36
6 - (-43 + (-6 - -12) - (10 + -13))
40
Calculate (-196 - -191) + (58 - (-5 + 2)) + -12 + 8.
52
82 + (32 - 266) + 74
-78
Evaluate 46 - (-4 - (11 + (-24 + -1 - 1))).
35
Evaluate -74 - (64 - 65) - -153.
80
Evaluate -47 + 30 + 99 + -158.
-76
(-98 - -74) + 9 + 36 + -118
-97
Calculate (-8 - 30) + -99 + 41.
-96
-10 + -62 + 87 + (1 - 159)
-143
Calculate -82 - -123 - (28 + (-7 - 1)).
21
(6 - -103 - -3) + 28 + -44 + -6
90
(2 - 6) + -4 + 1 + 6 + -18 + 98
79
23 + 2 + -228 + 244 + -8 + 2
35
What is -2 - 34 - (66 - 233 - -270)?
-139
What is the value of (-189 - -240) + -25 + -27?
-1
What is the value of 128 + 15 - (632 + -428)?
-61
Calculate (-1 - (0 + 13)) + -1894 + 1920 + -9.
3
What is (45 - -45) + (-11 - 17)?
62
What is (-21 + 19 - (-27 + -2 + -4 + 10)) + 13?
34
Evaluate (79 - -27 - 118) + 112.
100
Calculate (1 - -80) + -1368 + 1313.
26
-59 + 1 + (4338 - 4325)
-45
Calculate (122 - -1) + 4322 + -4300.
145
What is 123 + -150 - (9 - 6)?
-30
Evaluate -77 + 30 + 111 + (-30 - 1).
33
Evaluate -19 + -31 + 20 + 40.
10
(0 - 2) + -49 + (1043 - 1035)
-43
Calculate 3 + 1 - (-5 - (-82 + 124 - (15 - -1))).
35
What is the value of 27 - ((0 - 2 - 11) + -275 + 293)?
22
Calculate 3 - 7 - -100 - (-46 + 104 - 50).
88
Evaluate (23 - -38) + -32 - (7 + 4).
18
Calculate (-24 - -29) + -30 - -2 - 21.
-44
Calculate -21 - (-17 - -15) - (8 - -3).
-30
Evaluate 29 + -21 + 1 + (-5 - 64 - 7).
-67
-23 + -167 + 60 - (-17 - (3 + -2))
-112
What is -53 - (23 + -12) - (33 - 56)?
-41
Evaluate -313 + 277 - (-8 + -105 + -10).
87
Calculate (10 - -3) + 34 + (6 - 7).
46
What is the value of 28 + -49 - (52 + -33 - 4)?
-36
Calculate (-351 - -349 - (3 - -1)) + (-74 - 5).
-85
21 + -8 + -5 - ((-73 + 7 - -1) + 10)
63
What is (-1 + -2 - -10) + -949 + 969?
27
Evaluate -7 - (43 - (-3 - -2) - (3 - 0)).
-48
Evaluate -8 + 12 + -165 - -147.
-14
Calculate (-5 - 0) + 724 + -603.
116
What is the value of (126 - 1 - (-1 + 0 - (28 + -33))) + 8?
129
Evaluate (-1 - 8) + 775 + -665.
101
Evaluate -17 - (-42 + 118 + -121).
28
-18 + (-5 - (-12 + (-2 - 5)))
-4
Calculate (26 - -33) + 15 + -8 + 8.
74
Calculate -11 + 2 - (0 + -8 + 11 + -4).
-8
Evaluate -2 + -22 + 29 + 8 + -13.
0
Calculate 216 + -206 - ((-1 - (-3 + 6)) + -38).
52
What is -36 + (22 - (25 + -23) - 1)?
-17
What is the value of -3 + (-11 + (24 - 13) - 80 - (-16 - -8))?
-75
What is the value of -13 - ((-1 - -1) + 568 + -580) - (40 - 0)?
-41
Calculate 346 + -62 + -75 + -140.
69
Calculate 14 + (52 - (11 + 42)).
13
Calculate 49 + (-43 - -1) + -50 - -147.
104
Evaluate (13 + 18 + -64 - 9) + -20.
-62
Evaluate -13 - (-48 - -94 - 28 - 43).
12
Calculate -6 + -1 + (36 - -1 - (-1 - (-25 + 31))).
37
What is the value of 50 - (-19 + 11 + 38 - 17)?
37
6 + (1 - -1) - -7 - ((4 - 7) + 11)
7
What is (12 - 17) + -28 + 2 - (-1 + -3 - 1)?
-26
What is 24 - (125 + 31 - 27)?
-105
Evaluate -3 - ((2 + 4 - (0 + 1)) + (-486 - -360)).
118
Evaluate 25 + (37 - (-15 - (-10 - 9))).
58
What is 63 + 3 + -10 + (11 + 2 - (74 + -60))?
55
1 - 5 - ((74 - -1) + 4) - (-2816 - -2813)
-80
Calculate -2 - ((6 - (-3 - 6) - -8) + (7 - 9)).
-23
What is the value of (31 - 24 - (-6 + 11)) + -4 - -80?
78
What is -25 + (35 + -7 - 25)?
-22
-6 + 26 - (164 - 166)
22
Calculate (27 - 5 - 64) + (-18 - (-6 + -3)).
-51
24 + (37 - 48) - (-2 - 3)
18
Calculate -4 - (-10 + (19 - 37) - -34).
-10
Evaluate (22 - -1) + (43 - (-11 - -85)).
-8
Evaluate (28 - 0) + -42 + -46.
-60
2519 - 2588 - (-2 + -14)
-53
Evaluate (-51 - (-13 + -31)) + 7 - 25.
-25
What is -95 + -10 + (-18 - (-24 - -17)) + (0 - -5)?
-111
Evaluate -9 + -464 + 474 + (69 - 2) + 1 + 0.
69
What is the value of (40 - 14 - 23) + 30 - 16?
17
Calculate (105 - 130) + (-9 - (9 + 2)).
-45
(-20 + -17 - 3) + 17
-23
Calculate -1 - -23 - (-225 + 132 + 142).
-27
What is the value of -10 + 8 + -52 + 9 + (-3 - 7 - 3)?
-58
What is -2 + -47 + -18 + 23 + (-7 - -2)?
-49
What is (34 - 256) + 237 + (-1 - -39)?
53
0 + 4 - ((22 - -20) + -18 + -2 - 17)
-1
Evaluate -19 + 95 + 5 - 37 - 32.
12
What is the value of -4 - -30 - ((47 - 17) + -2)?
-2
What is the value of 26 - ((-113 - -98) + -30)?
71
What is (-8 - 29 - (42 + 7)) + -49?
-135
24 + 24 + -2 + -44 + 72
74
Calculate (-6 - (-2 + -6 + 8)) + (-97 - -78).
-25
Evaluate -213 - -313 - (7 + 34).
59
196 + -166 + (-16 + -7 - 5)
2
What is (-88 - -448) + -122 + -124?
114
What is the value of (-8 - -11) + -63 - -102?
42
Evaluate -22 - (14 + (21 - 52) + 15 - 90).
70
Evaluate 39 + -1 - (-32 + (53 - 10 - 1)).
28
Calculate 3887 - 3893 - (3 + -4 + -26).
21
What is -2 - ((-1 + -24 + (15 - 1) - -73) + 16)?
-80
What is 253 - ((72 - -7) + 32)?
142
(-42 - -44) + -7 + (4 - -7) - 79
-73
1 + (-49 - (10 + 1 + (-18 - (-13 - -5))))
-49
-54 + 34 + -60 + 41
-39
Calculate -12 + -8 + 5 + 250 + -209.
26
What is -3 - (5 + -5 - -9 - 11 - (-2 - -8))?
5
What is the value of 10 + (-42 - -51) + -3 + 9 + 6?
31
What is -19 + (-2 + 1 + -1 - (-12 + 30 + -16))?
-23
Calculate 6 - (205 + -209 - (-96 - (1 + -2))).
-85
Evaluate 8 + (6 - (-13 + -5 + 44)) + 68 + 0.
56
Evaluate 10 - ((15 - 1) + 10 - 27).
13
What is -12 + -9 - (-58 + 13)?
24
What is the value of 0 + 14 - (-45 + -120 - -274)?
-95
Calculate (30 - (-14 + 17)) + (-4 - -9) + -2.
30
What is the value of 25 - (-2 - (23 - 29 - 1))?
20
Calculate 429 + -563 - (-80 + -5).
-49
-12 + 19 + (7 + -10 - -13 - 7) - -37
47
Evaluate -143 + (-26 - (19 + -154)).
-34
Evaluate (-25 - -23 - 8) + -25 + -12.
-47
(-17 - -120) + 128 - 128
103
Calculate 4 + 8 + -1 + -8 + -11 + (-2 - -8).
-2
What is 0 + 0 + -1 - (-167 + 24 + 137)?
5
Calculate (-76 + 4 - 0) + (-6 - (47 - 68)).
-57
23 - (-46 - -42) - (-5 + -7)
39
What is the value of (1 - -11 - (14 - (-19 - (0 - 27)))) + -90?
-84
2 + -3 + 8 + 5 + 0 + -10 - 13
-11
Evaluate (1 - (3 + 1 + -15)) + (-19 - -21) + 7.
21
Evaluate (-21 + -29 - -139